se 13.
-313
Convert 330031 (base 5) to base 8.
26002
What is 871 (base 16) in base 5?
32121
What is 14441 (base 7) in base 11?
3005
-49ca (base 13) to base 10
-10475
What is -2001 (base 8) in base 14?
-533
Convert -2a05 (base 14) to base 15.
-231d
What is 226546 (base 7) in base 10?
40753
What is -116 (base 16) in base 8?
-426
3aa (base 11) to base 8
743
What is a7a (base 13) in base 10?
1791
Convert 4a97 (base 15) to base 7.
64222
Convert -1421 (base 10) to base 7.
-4100
Convert -1000010001 (base 2) to base 8.
-1021
What is -425266 (base 7) in base 8?
-220243
Convert -2001 (base 3) to base 14.
-3d
200 (base 5) to base 4
302
332 (base 5) to base 9
112
247754 (base 8) to base 12
41924
What is 2430 (base 10) in base 9?
3300
What is -741 (base 8) in base 9?
-584
Convert -802 (base 9) to base 11.
-541
-625 (base 9) to base 12
-365
What is -1010001110010 (base 2) in base 12?
-3042
-243 (base 8) to base 14
-b9
Convert 2021010 (base 4) to base 8.
21104
Convert -4e3 (base 16) to base 11.
-a38
Convert 12aa (base 14) to base 7.
12403
Convert -2121001 (base 3) to base 10.
-1891
21100120 (base 3) to base 12
3129
30202 (base 5) to base 14
9b9
-111101110 (base 2) to base 9
-608
What is 22011 (base 4) in base 13?
3a8
-1365 (base 7) to base 4
-20121
What is 175 (base 11) in base 2?
11001011
What is -204 (base 5) in base 15?
-39
Convert 335 (base 10) to base 3.
110102
-11041 (base 5) to base 6
-3323
What is 15324 (base 8) in base 11?
5184
What is -201312 (base 4) in base 3?
-2222020
Convert 4012 (base 6) to base 16.
368
What is 10264 (base 7) in base 10?
2545
-3a42 (base 13) to base 15
-270a
Convert 624 (base 12) to base 7.
2413
-14599 (base 12) to base 4
-12331011
-1110100000 (base 2) to base 3
-1021101
-10000011001111 (base 2) to base 16
-20cf
Convert 73 (base 9) to base 3.
2110
Convert 22266 (base 8) to base 10.
9398
What is c71a (base 13) in base 4?
12232302
-4841 (base 10) to base 13
-2285
-1414 (base 7) to base 3
-202101
-69a0 (base 15) to base 5
-1204200
What is 1942 (base 11) in base 16?
9a2
-10a4 (base 14) to base 11
-2196
What is 10011 (base 4) in base 2?
100000101
1740 (base 8) to base 12
6a8
What is -11b (base 15) in base 16?
-fb
Convert -1000122100 (base 3) to base 7.
-112515
Convert -202 (base 15) to base 16.
-1c4
Convert 656 (base 12) to base 15.
420
Convert 17314 (base 9) to base 10.
11920
What is -1334341 (base 5) in base 14?
-a023
What is -3561 (base 10) in base 12?
-2089
Convert 1101110111 (base 2) to base 4.
31313
-1665 (base 9) to base 6
-5522
What is -201012 (base 3) in base 7?
-1340
Convert 3259 (base 16) to base 5.
403024
Convert 3000002 (base 4) to base 8.
30002
Convert 2946 (base 13) to base 10.
5973
-1041 (base 16) to base 4
-1001001
Convert 10011010110 (base 2) to base 8.
2326
What is -377c (base 15) in base 5?
-334232
-251 (base 9) to base 15
-dd
What is 551 (base 7) in base 3?
101102
1b255 (base 12) to base 10
40097
31233 (base 4) to base 13
528
What is 20551 (base 9) in base 4?
3110011
212342 (base 8) to base 13
26356
-2123 (base 6) to base 3
-122220
What is 567 (base 10) in base 13?
348
Convert 7143 (base 8) to base 12.
216b
43541 (base 8) to base 10
18273
-100010110101 (base 2) to base 3
-10001120
640 (base 9) to base 3
201100
What is -1264 (base 7) in base 2?
-111100111
Convert 150423 (base 7) to base 10.
29025
1278 (base 12) to base 15
958
What is -222 (base 3) in base 7?
-35
Convert -56e3 (base 16) to base 4.
-11123203
2756 (base 8) to base 15
6b3
What is -453 (base 7) in base 15?
-109
What is 450413 (base 6) in base 9?
56680
-1538 (base 10) to base 3
-2002222
Convert -411 (base 8) to base 15.
-12a
811 (base 9) to base 6
3014
Convert 10222022220 (base 3) to base 4.
103012203
What is 380 (base 16) in base 2?
1110000000
Convert 442 (base 6) to base 11.
145
Convert -13665 (base 13) to base 14.
-d2d3
-34 (base 7) to base 4
-121
What is 645 (base 7) in base 8?
507
What is -22c (base 14) in base 16?
-1b0
Convert -13717 (base 8) to base 15.
-1c15
What is 103212 (base 6) in base 5?
233004
What is -c32 (base 13) in base 9?
-2748
100010001 (base 2) to base 16
111
What is 246 (base 8) in base 7?
325
What is -133312 (base 8) in base 3?
-2101012010
Convert -561 (base 10) to base 8.
-1061
What is 1000110100111 (base 2) in base 5?
121034
33133 (base 5) to base 16
8f5
211 (base 4) to base 13
2b
What is 41044 (base 8) in base 3?
212020010
884 (base 14) to base 16
694
1131 (base 9) to base 16
346
Convert 2252 (base 9) to base 5.
23132
Convert 2023203 (base 4) to base 8.
21343
What is -100111010010 (base 2) in base 16?
-9d2
576 (base 10) to base 3
210100
Convert 10001320 (base 4) to base 11.
11444
1c27 (base 13) to base 15
13dd
983 (base 10) to base 13
5a8
-1010122 (base 3) to base 5
-11302
Convert 458 (base 15) to base 9.
1312
What is -71a (base 16) in base 9?
-2440
What is -24256 (base 10) in base 6?
-304144
Convert 115 (base 11) to base 12.
b5
What is 179 (base 10) in base 3?
20122
-23230 (base 4) to base 6
-3244
Convert -21c8 (base 13) to base 14.
-1a19
What is 618 (base 14) in base 13?
712
-81d3 (base 15) to base 12
-13a53
What is 3123 (base 5) in base 6?
1525
What is 171 (base 15) in base 10?
331
4518 (base 10) to base 5
121033
Convert 1201122 (base 3) to base 15.
58e
What is -155213 (base 6) in base 7?
-62643
Convert 31344 (base 5) to base 12.
126b
4de (base 16) to base 10
1246
-3333 (base 7) to base 12
-840
Convert 6c (base 14) to base 7.
165
Convert -23e (base 16) to base 15.
-284
What is 472 (base 10) in base 6?
2104
3637 (base 8) to base 15
8a1
Convert -1797 (base 14) to base 6.
-31401
Convert 1aaa (base 16) to base 13.
3151
Convert c631 (base 14) to base 10.
34147
Convert -1010011001 (base 2) to base 9.
-818
Convert -210212 (base 3) to base 15.
-295
What is c2 (base 16) in base 13?
11c
Convert 26a9 (base 12) to base 14.
189b
What is -5130 (base 6) in base 11?
-941
Convert -1100111111 (base 2) to base 6.
-3503
Convert -1214 (base 6) to base 11.
-251
245 (base 13) to base 12
28b
225214 (base 6) to base 5
1104211
Convert -121234 (base 5) to base 4.
-1013121
Convert -22333213 (base 4) to base 6.
-544251
Convert -82501 (base 9) to base 7.
-314314
What is 7374 (base 8) in base 11?
2978
Convert -373 (base 11) to base 6.
-2015
852 (base 9) to base 10
695
What is -1913 (base 14) in base 10?
-4525
What is 305 (base 16) in base 11?
643
916 (base 11) to base 6
5042
3052 (base 7) to base 3
1110111
What is 2a4 (base 13) in base 15?
217
22021010 (base 3) to base 12
35a0
Convert -b599 (base 14) to base 3.
-1120221020
255c (base 13) to base 16
14c4
-1020210101 (base 3) to base 8
-60072
-109e (base 15) to base 5
-103044
-503 (base 8) to base 13
-1bb
-24306 (base 10) to base 13
-b0a9
What is -111001000010000 (base 2) in base 5?
-1413300
-cd6 (base 14) to base 9
-3432
What is -376 (base 12) in base 7?
-1344
Convert -30331 (base 4) to base 5.
-11304
Convert 10110000 (base 2) to base 10.
176
What is 7123 (base 8) in base 10?
3667
-50146 (base 7) to base 6
-131544
What is 1543 (base 6) in base 8?
647
Convert -2228 (base 9) to base 8.
-3156
Convert 1110333 (base 4) to base 2.
1010100111111
2aa (base 16) to base 4
22222
Convert 6631 (base 12) to base 2.
10110000000101
Convert -2 (base 6) to base 4.
-2
What is 2144 (base 9) in base 14?
80b
What is -3376 (base 11) in base 8?
-10527
1101100011111010 (base 2) to base 15
116d1
Convert 33321 (base 5) to base 14.
bcc
What is -343 (base 12) in base 4?
-13203
2032020 (base 4) to base 3
110110220
What is 15611 (base 13) in base 6?
511502
972 (base 14) to base 4
131020
Convert 1011000 (base 2) to base 9.
107
What is 26a (base 11) in base 10?
318
What is -365 (base 8) in base 12?
-185
What is -1232013 (base 5) in base 6?
-303052
What is 34a (base 12) in base 8?
752
111111101101 (base 2) to base 12
2439
Convert -2628 (base 9) to base 4.
-132302
What is -112302 (base 4) in base 15?
-673
What is -1101102 (base 3) in base 6?
-4402
-6206 (base 9) to base 12
-2766
Convert 100100001111010 (base 2) to base 10.
18554
45265 (base 8) to base 10
19125
-690 (base 15) to base 11
-1130
-246 (base 16) to base 10
-582
What is 22133 (base 4) in base 9?
825
-51 (base 10) to base 3
-1220
What is 474d (base 15) in base 2?
11101100101100
What is 13130103 (base 4) in base 12?
15783
83 (base 14) to base 16
73
Convert 993e (base 16) to b